hen 36 is divided by 2*(d + (-20)/5)?
16
Suppose 86*v = 948 + 2836. Calculate the remainder when 221 is divided by v.
1
Suppose 0 = t + 3*n - 548, 75 = -3*n + 72. Suppose 22*w - t = 285. What is the remainder when 125 is divided by w?
11
Let r(i) = 2*i**3 + 1. Suppose 2*a - 3*n = 41, -2*n = 13 - 11. Calculate the remainder when r(3) is divided by a.
17
Suppose 2*q - 192 - 320 = 0. What is the remainder when q is divided by 33?
25
Let j(d) = -2*d**2 - 16*d - 11. Calculate the remainder when (39/9)/(1 + (-10)/15) is divided by j(-7).
1
Suppose 0 = 296*w - 173*w - 72693. What is the remainder when w is divided by 46?
39
Suppose 420068 - 134978 = 30*r. Calculate the remainder when r is divided by 24.
23
Let f = 114 - 111. Let l be (-16)/(3/f) + 3. Calculate the remainder when 149/3 - (-3)/(-4 - l) is divided by 28.
22
Let b be ((-8)/6)/((-3)/63). Let i = 30 - b. Suppose 8*q = 3*q - 3*a + 59, -4*a = -i*q + 8. What is the remainder when 56 is divided by q?
6
Let a = 5269 + -4762. What is the remainder when 1017 is divided by a?
3
Let r(x) = 7*x**2 - 97*x - 15. What is the remainder when 3599 is divided by r(16)?
224
Let a = -1838 - -1875. What is the remainder when 128 is divided by a?
17
Let m = -135 + 182. Suppose 0 = -2*l + m - 3. Calculate the remainder when 28 is divided by l.
6
Suppose -169 + 46 = -3*g. Suppose 12 = 3*t + 4*p + 33, 2*p = -4*t - 18. Let f(c) = -c**3 - 3*c**2 - c + 3. What is the remainder when g is divided by f(t)?
5
Suppose -137 = -3*x + 5*c, 5*c + 206 = 4*x + 30. Let m be (-5 - -10 - 3)/(-2). Let a(y) = -11*y + 3. What is the remainder when x is divided by a(m)?
11
Let l = 106 - 92. Suppose 2*n - l + 32 = 0. Calculate the remainder when 161 is divided by 0 - -2 - (8 + n - 24).
26
Suppose 2*p - 68 - 76 = 0. Suppose -262 = -5*a - 4*d - 53, 161 = 4*a - 3*d. Calculate the remainder when p is divided by a.
31
Suppose 0*p + p + 1254 = -5*c, 4*p = -2*c - 498. Let a = -228 - c. What is the remainder when 67 is divided by a?
21
Suppose 0 = -3*j, 2*j - 74 = -2*c + 50. Calculate the remainder when 289 is divided by c.
41
Suppose 0 = -8146*u + 8211*u - 13780. Calculate the remainder when 2961 is divided by u.
205
What is the remainder when 10/12 - (2494289/(-210) + (-4)/(-10)) is divided by 90?
88
Suppose -47*f - f + 1968 = 0. What is the remainder when 175 is divided by f?
11
Suppose 5*m + 2 = 27. Suppose -2*v + 180 = m*g - 200, 4*g = 4*v + 332. Let d(x) = x**3 - 3*x**2 - 6*x + 7. What is the remainder when g is divided by d(5)?
24
Let f = -7726 - -8452. What is the remainder when f is divided by 100/7 + 4/(-14)?
12
Suppose 15*a - 22*a = -1232. Suppose -5*l + 3*b + 431 = -a, 4*l = -5*b + 456. What is the remainder when l is divided by 15?
14
Suppose -227*d - 1083 = -246*d. Calculate the remainder when 20973 is divided by d.
54
What is the remainder when 429 is divided by (-6)/((-308)/(-63) + -3 + -2)?
51
Let p(t) = -t**2 - 22*t - 73. Let x be (-8)/(72/(-16) + 5). Calculate the remainder when 63 is divided by p(x).
17
Suppose 4*l - w - 197 = 0, -4*l - 4*w + 30 + 142 = 0. What is the remainder when 85 is divided by l + (-4 - (3 - (0 + 2)))?
42
Let b(x) = -2*x**3 + 4*x**2 - 2. Let d be b(-1). Suppose -d*f + 32 + 208 = 0. What is the remainder when f is divided by 34?
26
Let w(z) = -3*z - 41. Let m be w(0). Let l = m + 63. Let t = 2 + 41. What is the remainder when t is divided by l?
21
Let k be (-88)/((-4)/10*5). Let q(v) = -2*v + 6. What is the remainder when (-2 + k/(-10))/((-3)/30) is divided by q(-6)?
10
Let i be (-3)/2*(-32)/24. Suppose i = -2*o, 3*q + 0*o + 5*o - 1 = 0. Let j = q + 37. Calculate the remainder when j is divided by 10.
9
Let j(f) = -f**3 + 137*f**2 + 137*f + 154. Suppose 0 = -2*d - 3*d + 15. Suppose d*y = -y + 104. What is the remainder when y is divided by j(138)?
10
Let q = 281 + -159. Suppose 3*j - 155 = -q. Calculate the remainder when 73 is divided by j.
7
Let k be ((-94)/3)/(4/(-6)). Suppose 4*d - k = 33. What is the remainder when ((-49)/147)/((-2)/582) is divided by d?
17
Suppose 50*z - 12*z = 42294 + 13870. Calculate the remainder when z is divided by 78.
74
Let a(j) = -3*j + 169. Let g(d) = -2*d + 167. Let q(y) = 5*a(y) - 4*g(y). Calculate the remainder when 42 is divided by q(21).
12
Let j be (-130)/(-1)*((-20)/25)/(-2). Calculate the remainder when 219 is divided by j - (-3 - -8) - 2.
39
Let k(m) be the second derivative of m**5/20 - 5*m**4/4 + m**3/6 - 5*m**2/2 - 14*m. Calculate the remainder when -29*10/(-6) + 8/12 is divided by k(15).
9
Calculate the remainder when (-60)/12 - -21 - -3 is divided by (-34)/(-6) + ((-2)/(-3))/2.
1
Suppose 0 = -5*c - 10, -6*k + 3*c + 1104 = -3*k. What is the remainder when 150/(-60)*(k/(-10) + -1) is divided by 48?
46
Let u(l) be the third derivative of l**6/120 + l**5/15 - 11*l**4/24 - 5*l**3/6 - l**2. Let y = 1362 - 1367. What is the remainder when 46 is divided by u(y)?
21
Calculate the remainder when 4769 is divided by ((-13)/(-8))/((-14)/(-112)).
11
Let t = 2679 - 2431. Calculate the remainder when t is divided by 83.
82
Suppose -3*l + 173*l - 120088 = 11492. Calculate the remainder when l is divided by 203.
165
Calculate the remainder when 2024 is divided by (-8640)/32*(1 + 15/(-6))/3.
134
Suppose 3*o - 117 = 4*z, 4*o = -z + 3*o - 31. Calculate the remainder when 9 + -3 + (-26 - z) is divided by 6.
4
Suppose 3*i + 2*t = 383, 30*t + 262 = 2*i + 28*t. What is the remainder when i is divided by 29?
13
Suppose 5*o + 2*r = 3*o, 3*o + 2*r - 2 = 0. Suppose -3*f + 4*l = -49, -o*l - 4 = 4. What is the remainder when 31 is divided by f?
9
Suppose 3*j + 80 = 2*w + 4*j, 4*w + 3*j - 164 = 0. Let c = 132 - w. Suppose -19*x = -21*x + c. Calculate the remainder when x is divided by 24.
23
Suppose -1441*l + 1306*l + 2025 = 0. What is the remainder when 0 + (-82)/4*-2 is divided by l?
11
Let n(s) = -7*s + 49. Let b(c) = 21*c - 146. Let l(u) = -2*b(u) - 7*n(u). Calculate the remainder when 8 is divided by l(8).
3
Let r be 88/6*18/12. What is the remainder when r - 3/3*0 is divided by (56/140)/(6/165)?
0
Let m(y) = -3*y**3 - 12*y**2 + 40*y + 79. Calculate the remainder when 12592 is divided by m(-6).
52
Let i be ((-2)/3)/(6/(-27)). Suppose 0*b + b = -1, 0 = i*u + 5*b - 37. Let y = 13796 + -13701. Calculate the remainder when y is divided by u.
11
Let o(k) = -13*k**3 - 795*k**2 - 206*k - 45. Calculate the remainder when o(-61) is divided by 40.
39
Let l = -14033 - -15755. What is the remainder when l is divided by 290?
272
Let v be ((-8)/20)/(16/(-5960)). Suppose -3*q + 2*q - 36 = -t, -4*t + v = -5*q. What is the remainder when 114 is divided by t?
21
Suppose -2*h + 18 = -h. Suppose -24255 = 55*l - 154*l. Calculate the remainder when l is divided by h.
11
Calculate the remainder when 173 is divided by 74/3 - ((-320)/(-30) - 11).
23
Let m(v) = 2*v**2 - 6*v + 67. Let y be m(5). Let t = y + -61. Calculate the remainder when t is divided by 9.
8
Suppose 0 = 5*s + 85 - 35. Let p be -6*(-29)/4 + s/(-20). Suppose 7*q - 54 - p = 0. Calculate the remainder when q is divided by 9.
5
Suppose 4*w - 100 + 36 = 0. Calculate the remainder when 38 - 33 - 68/(-1) is divided by w.
9
Let p = 21491 + -21468. What is the remainder when 362 is divided by p?
17
Let z = -80 - -165. Let b = 138 + -108. Calculate the remainder when z is divided by b.
25
Suppose 4*d + 9*z - 14*z = 101, 4*d = -5*z + 91. What is the remainder when 2505/30 - 2/4 is divided by d?
11
Let u(n) = 286*n**2 + 462*n + 463. Calculate the remainder when 1674 is divided by u(-1).
239
Let h(a) = 20*a**3 + 2*a**2 - 10*a + 66. What is the remainder when h(3) is divided by 17?
16
Suppose 204 = 22*c - 742. What is the remainder when 899 is divided by c?
39
Suppose 2*r - 3*r = -9. Suppose 278*m = 350*m - 2865 - 3327. Calculate the remainder when m is divided by r.
5
Suppose 3*d = 11*d. Suppose -150*f + 147*f + 267 = d. What is the remainder when f is divided by 24?
17
Suppose 34*p = 9389 + 31105. Calculate the remainder when p is divided by 67.
52
Suppose 94 = 7*a - 6*a - 6*n, 4*n + 324 = 3*a. Calculate the remainder when a is divided by 97.
15
Let v(h) be the first derivative of -h**4/4 + 28*h**3/3 + 29*h**2/2 + 21*h + 7. Let s = 58 - 29. What is the remainder when 39 is divided by v(s)?
18
Let a(u) = 10*u**2 + 330*u + 348. Suppose 498 = 3*d - d